
3, 3087991
What are the prime factors of 1492374500?
2, 5, 2984749
List the prime factors of 54784658.
2, 27392329
List the prime factors of 462212800.
2, 5, 7, 41269
What are the prime factors of 2911729?
101, 127, 227
List the prime factors of 28669446.
2, 3, 13, 17, 7207
List the prime factors of 52790783.
52790783
List the prime factors of 7771672.
2, 397, 2447
What are the prime factors of 9472487?
101, 93787
What are the prime factors of 3309538815?
3, 5, 11, 37, 180701
What are the prime factors of 60152538?
2, 3, 10025423
What are the prime factors of 196966265?
5, 67, 587959
What are the prime factors of 24649164?
2, 3, 228233
List the prime factors of 7188345.
3, 5, 17749
What are the prime factors of 322327662?
2, 3, 53, 1013609
List the prime factors of 88474578.
2, 3, 2069, 7127
What are the prime factors of 45604160?
2, 5, 7, 20359
List the prime factors of 4386807813.
3, 619, 2362309
What are the prime factors of 38390694?
2, 3, 71, 227, 397
What are the prime factors of 594708665?
5, 223, 533371
List the prime factors of 1732814521.
11939, 145139
What are the prime factors of 957382729?
957382729
List the prime factors of 93756672.
2, 3, 40693
What are the prime factors of 41085053?
41085053
List the prime factors of 199315726.
2, 99657863
What are the prime factors of 194712540?
2, 3, 5, 11, 47, 6277
List the prime factors of 405376262.
2, 1013, 200087
What are the prime factors of 846473241?
3, 282157747
List the prime factors of 32931130.
2, 5, 3293113
List the prime factors of 27854856.
2, 3, 263, 1471
List the prime factors of 1919036983.
179, 10720877
List the prime factors of 1442662686.
2, 3, 31, 2585417
What are the prime factors of 3691791966?
2, 3, 615298661
List the prime factors of 24270395.
5, 4854079
List the prime factors of 261349024.
2, 17, 173, 2777
What are the prime factors of 38978064?
2, 3, 90227
What are the prime factors of 349965747?
3, 38885083
What are the prime factors of 61133853?
3, 11, 17, 59, 1847
List the prime factors of 21187945.
5, 19, 23, 9697
List the prime factors of 61331396.
2, 7, 2190407
What are the prime factors of 674596659?
3, 11, 277, 6709
What are the prime factors of 154773979?
31, 4992709
List the prime factors of 77554868.
2, 83, 233599
List the prime factors of 75966978.
2, 3, 19, 313, 2129
List the prime factors of 484214629.
863, 561083
What are the prime factors of 277944865?
5, 11, 433, 1061
What are the prime factors of 487145?
5, 97429
What are the prime factors of 1008231479?
8821, 114299
List the prime factors of 3415165463.
3415165463
What are the prime factors of 54241379?
54241379
List the prime factors of 2429045737.
233, 10425089
List the prime factors of 50540007.
3, 7, 43, 97, 577
What are the prime factors of 1681319141?
107, 15713263
List the prime factors of 819291963.
3, 7, 29, 31, 43397
What are the prime factors of 11914159?
19, 163, 3847
What are the prime factors of 179385166?
2, 89692583
List the prime factors of 184343346.
2, 3, 11, 521, 1787
List the prime factors of 456537342.
2, 3, 76089557
List the prime factors of 470670909.
3, 7247, 21649
What are the prime factors of 61266199?
31, 73, 27073
List the prime factors of 438290510.
2, 5, 7, 47, 101, 1319
List the prime factors of 1159888844.
2, 911, 318301
What are the prime factors of 20007990?
2, 3, 5, 222311
What are the prime factors of 214955922?
2, 3, 17, 31, 157, 433
What are the prime factors of 230275919?
230275919
List the prime factors of 97702067.
97702067
What are the prime factors of 3792968?
2, 29, 16349
What are the prime factors of 2804549184?
2, 3, 541001
What are the prime factors of 907806192?
2, 3, 83, 191, 1193
What are the prime factors of 8651782?
2, 4325891
List the prime factors of 712759929.
3, 7, 61, 101, 787
What are the prime factors of 135746424?
2, 3, 11, 101, 1697
List the prime factors of 241426228.
2, 3709, 16273
What are the prime factors of 1085413899?
3, 361804633
What are the prime factors of 5751460516?
2, 1437865129
List the prime factors of 815445152.
2, 25482661
What are the prime factors of 103219751?
37, 1303, 2141
What are the prime factors of 79393531?
7, 2767, 4099
What are the prime factors of 146274084?
2, 3, 11, 19, 19441
List the prime factors of 1553128.
2, 194141
What are the prime factors of 10919855?
5, 53, 89, 463
What are the prime factors of 1680386932?
2, 7, 2953, 20323
List the prime factors of 1523617800.
2, 3, 5, 47, 97, 557
List the prime factors of 4387936731.
3, 59, 67, 370009
List the prime factors of 4044207757.
5801, 697157
List the prime factors of 412739507.
412739507
List the prime factors of 3047284452.
2, 3, 3547, 71593
What are the prime factors of 15855675?
3, 5, 11, 19219
What are the prime factors of 94689373?
94689373
What are the prime factors of 194536521?
3, 71, 304439
What are the prime factors of 148509864?
2, 3, 2062637
What are the prime factors of 3669663795?
3, 5, 7, 41, 197, 4327
What are the prime factors of 373930745?
5, 193, 387493
What are the prime factors of 9523626?
2, 3, 7, 226753
What are the prime factors of 6416587921?
613, 1499, 6983
What are the prime factors of 97871989?
97871989
List the prime factors of 232837773.
3, 7, 11087513
List the prime factors of 56846288.
2, 3552893
What are the prime factors of 295169593?
131, 2253203
List the prime factors of 7076740.
2, 5, 11, 19, 1693
List the prime factors of 75828423.
3, 11, 263, 8737
What are the prime factors of 11707518?
2, 3, 1951253
List the prime factors of 47179833.
3, 263, 59797
List the prime factors of 375616133.
4073, 92221
What are the prime factors of 2159360008?
2, 13, 89, 233293
What are the prime factors of 1841684979?
3, 613894993
List the prime factors of 295322800.
2, 5, 167, 4421
What are the prime factors of 43267269?
3, 107, 134789
List the prime factors of 781453326.
2, 3, 130242221
What are the prime factors of 52402649?
13, 4030973
What are the prime factors of 292110459?
3, 281, 419, 827
What are the prime factors of 52275942?
2, 3, 523, 617
What are the prime factors of 27067859?
7, 13, 17, 17497
What are the prime factors of 5383288?
2, 17, 23, 1721
List the prime factors of 253157372.
2, 13, 397, 12263
What are the prime factors of 575813915?
5, 3067, 37549
What are the prime factors of 90374271?
3, 13, 397, 449
List the prime factors of 55534011.
3, 13, 1423949
What are the prime factors of 376738220?
2, 5, 2027, 9293
List the prime factors of 195473294.
2, 37, 2641531
List the prime factors of 66994992.
2, 3, 155081
List the prime factors of 322568409.
3, 3389, 31727
What are the prime factors of 5925142250?
2, 5, 29, 863, 947
What are the prime factors of 842534010?
2, 3, 5, 41, 5569
List the prime factors of 550935421.
499, 1104079
What are the prime factors of 175459329?
3, 17, 1146793
List the prime factors of 108591829.
6353, 17093
List the prime factors of 44490163.
509, 87407
What are the prime factors of 42154924?
2, 7, 797, 1889
What are the prime factors of 303316632?
2, 3, 4212731
What are the prime factors of 4266268879?
12043, 354253
List the prime factors of 8352668515.
5, 43, 229, 169649
What are the prime factors of 52095095?
5, 13, 61651
What are the prime factors of 1976772010?
2, 5, 197677201
What are the prime factors of 199119046?
2, 7, 29, 10009
What are the prime factors of 647981960?
2, 5, 16199549
What are the prime factors of 4616429?
233, 19813
List the prime factors of 412389343.
53, 739, 10529
What are the prime factors of 63761784?
2, 3, 1423, 1867
What are the prime factors of 44548187?
5323, 8369
List the prime factors of 749360673.
3, 1117, 24847
What are the prime factors of 1920791662?
2, 19, 50547149
List the prime factors of 202818338.
2, 101409169
What are the prime factors of 56089858?
2, 11, 71, 149, 241
What are the prime factors of 244029289?
7, 131, 266117
List the prime factors of 8594167.
811, 10597
List the prime factors of 14413921.
14413921
List the prime factors of 71299802.
2, 7, 17, 42797
What are the prime factors of 1034049866?
2, 517024933
List the prime factors of 5856922320.
2, 3, 5, 61, 229, 1747
List the prime factors of 242015414.
2, 121007707
What are the prime factors of 536029670?
2, 5, 11, 449, 10853
List the prime factors of 5652850552.
2, 47, 487, 